tors of 4672?
2, 73
List the prime factors of 1358.
2, 7, 97
What are the prime factors of 531?
3, 59
What are the prime factors of 11276?
2, 2819
What are the prime factors of 44877?
3, 7, 2137
What are the prime factors of 39829?
39829
List the prime factors of 18096.
2, 3, 13, 29
What are the prime factors of 8156?
2, 2039
List the prime factors of 24076.
2, 13, 463
List the prime factors of 94989.
3, 31663
List the prime factors of 26059.
11, 23, 103
What are the prime factors of 974?
2, 487
What are the prime factors of 950?
2, 5, 19
What are the prime factors of 1738?
2, 11, 79
List the prime factors of 2067.
3, 13, 53
What are the prime factors of 221?
13, 17
List the prime factors of 20547.
3, 761
List the prime factors of 1181.
1181
What are the prime factors of 53032?
2, 7, 947
What are the prime factors of 19114?
2, 19, 503
List the prime factors of 24860.
2, 5, 11, 113
List the prime factors of 3496.
2, 19, 23
List the prime factors of 611.
13, 47
What are the prime factors of 3310?
2, 5, 331
What are the prime factors of 285?
3, 5, 19
List the prime factors of 1952.
2, 61
What are the prime factors of 2517?
3, 839
What are the prime factors of 55531?
7, 7933
List the prime factors of 32217.
3, 10739
List the prime factors of 6043.
6043
What are the prime factors of 35?
5, 7
What are the prime factors of 7495?
5, 1499
What are the prime factors of 3528?
2, 3, 7
What are the prime factors of 935?
5, 11, 17
List the prime factors of 21112.
2, 7, 13, 29
What are the prime factors of 4284?
2, 3, 7, 17
What are the prime factors of 10225?
5, 409
List the prime factors of 17757.
3, 1973
What are the prime factors of 5081?
5081
What are the prime factors of 18430?
2, 5, 19, 97
List the prime factors of 7870.
2, 5, 787
List the prime factors of 706.
2, 353
List the prime factors of 966.
2, 3, 7, 23
List the prime factors of 60158.
2, 7, 4297
List the prime factors of 1797.
3, 599
List the prime factors of 44350.
2, 5, 887
List the prime factors of 1005.
3, 5, 67
What are the prime factors of 17888?
2, 13, 43
List the prime factors of 921.
3, 307
What are the prime factors of 2196?
2, 3, 61
List the prime factors of 19612.
2, 4903
List the prime factors of 11023.
73, 151
What are the prime factors of 81432?
2, 3, 13, 29
List the prime factors of 1643.
31, 53
What are the prime factors of 10643?
29, 367
List the prime factors of 13350.
2, 3, 5, 89
List the prime factors of 12109.
12109
List the prime factors of 39469.
29, 1361
What are the prime factors of 9986?
2, 4993
What are the prime factors of 27862?
2, 13931
What are the prime factors of 75888?
2, 3, 17, 31
List the prime factors of 4177.
4177
What are the prime factors of 76099?
76099
List the prime factors of 11978.
2, 53, 113
What are the prime factors of 46872?
2, 3, 7, 31
What are the prime factors of 25694?
2, 29, 443
What are the prime factors of 281?
281
List the prime factors of 49296.
2, 3, 13, 79
List the prime factors of 1078.
2, 7, 11
What are the prime factors of 18476?
2, 31, 149
List the prime factors of 6501.
3, 11, 197
What are the prime factors of 13806?
2, 3, 13, 59
List the prime factors of 738.
2, 3, 41
What are the prime factors of 2424?
2, 3, 101
List the prime factors of 209392.
2, 23, 569
List the prime factors of 19831.
7, 2833
What are the prime factors of 9704?
2, 1213
What are the prime factors of 4516?
2, 1129
What are the prime factors of 9693?
3, 359
What are the prime factors of 421?
421
List the prime factors of 1037.
17, 61
What are the prime factors of 84334?
2, 149, 283
List the prime factors of 3956.
2, 23, 43
List the prime factors of 33733.
7, 61, 79
What are the prime factors of 1755?
3, 5, 13
List the prime factors of 1706.
2, 853
List the prime factors of 1378.
2, 13, 53
What are the prime factors of 1774?
2, 887
What are the prime factors of 4491?
3, 499
List the prime factors of 294.
2, 3, 7
List the prime factors of 11606.
2, 7, 829
List the prime factors of 404.
2, 101
What are the prime factors of 6089?
6089
What are the prime factors of 955?
5, 191
What are the prime factors of 1061?
1061
What are the prime factors of 11462?
2, 11, 521
What are the prime factors of 3791?
17, 223
What are the prime factors of 1423?
1423
List the prime factors of 914.
2, 457
List the prime factors of 10223.
10223
What are the prime factors of 2309?
2309
What are the prime factors of 1495?
5, 13, 23
List the prime factors of 1677.
3, 13, 43
List the prime factors of 104046.
2, 3, 17341
What are the prime factors of 13334?
2, 59, 113
What are the prime factors of 1195?
5, 239
What are the prime factors of 12668?
2, 3167
List the prime factors of 973.
7, 139
List the prime factors of 5992.
2, 7, 107
What are the prime factors of 1756?
2, 439
List the prime factors of 7407.
3, 823
List the prime factors of 1943.
29, 67
What are the prime factors of 438?
2, 3, 73
List the prime factors of 21379.
21379
What are the prime factors of 7389?
3, 821
List the prime factors of 171740.
2, 5, 31, 277
List the prime factors of 3469.
3469
List the prime factors of 734.
2, 367
List the prime factors of 7447.
11, 677
List the prime factors of 715.
5, 11, 13
List the prime factors of 11048.
2, 1381
List the prime factors of 603.
3, 67
What are the prime factors of 579?
3, 193
List the prime factors of 1765.
5, 353
What are the prime factors of 5378?
2, 2689
List the prime factors of 615.
3, 5, 41
What are the prime factors of 361?
19
What are the prime factors of 137?
137
What are the prime factors of 5571?
3, 619
What are the prime factors of 23166?
2, 3, 11, 13
What are the prime factors of 20341?
20341
List the prime factors of 1513.
17, 89
List the prime factors of 1858.
2, 929
What are the prime factors of 7448?
2, 7, 19
What are the prime factors of 25591?
157, 163
What are the prime factors of 25653?
3, 17, 503
What are the prime factors of 572?
2, 11, 13
What are the prime factors of 1174?
2, 587
List the prime factors of 536.
2, 67
List the prime factors of 6791.
6791
List the prime factors of 55149.
3, 31, 593
List the prime factors of 988.
2, 13, 19
What are the prime factors of 12669?
3, 41, 103
What are the prime factors of 18572?
2, 4643
List the prime factors of 1572.
2, 3, 131
What are the prime factors of 85838?
2, 167, 257
What are the prime factors of 47508?
2, 3, 37, 107
List the prime factors of 14385.
3, 5, 7, 137
What are the prime factors of 85643?
85643
List the prime factors of 9880.
2, 5, 13, 19
What are the prime factors of 26252?
2, 6563
List the prime factors of 1894.
2, 947
List the prime factors of 12636.
2, 3, 13
What are the prime factors of 51?
3, 17
What are the prime factors of 8822?
2, 11, 401
What are the prime factors of 12545?
5, 13, 193
List the prime factors of 17988.
2, 3, 1499
List the prime factors of 149146.
2, 74573
List the prime factors of 5264.
2, 7, 47
List the prime factors of 1496.
2, 11, 17
What are the prime factors of 40854?
2, 3, 11, 619
What are the prime factors of 457?
457
What are the prime factors of 2182?
2, 1091
What are the prime factors of 142131?
3, 11, 59, 73
List the prime factors of 6898.
2, 3449
What are the prime factors of 5275?
5, 211
What are the prime factors of 10073?
7, 1439
List the prime factors of 9053.
11, 823
List the prime factors of 4156.
2, 1039
What are the prime factors of 3799?
29, 131
What are the prime factors of 1418?
2, 709
List the prime factors of 21748.
2, 5437
List the prime factors of 5489.
11, 499
List the prime factors of 1172.
2, 293
List the prime factors of 741.
3, 13, 19
List the prime factors of 12030.
2, 3, 5, 401
List the prime factors of 36252.
2, 3, 19, 53
List the prime factors of 1791.
3, 199
What are the prime factors of 30369?
3, 53, 191
What are the prime factors of 25328?
2, 1583
What are the prime factors of 6731?
53, 127
List the prime factors of 5941.
13, 457
What are the prime factors of 60345?
3, 5, 149
List the prime factors of 20884.
2, 23, 227
What are the prime factors of 1988?
2, 7, 71
List the prime factors of 46270.
2, 5, 7, 661
What are the prime factors of 58?
2, 29
List the prime factors of 2721.
3, 907
What are the prime factors of 386?
2, 193
List the prime factors of 24519.
3, 11, 743
List the prime factors of 111502.
2, 197, 283
What ar